{"id":83,"date":"2017-01-16T16:57:13","date_gmt":"2017-01-16T15:57:13","guid":{"rendered":"http:\/\/www.studiozamboni.net\/?page_id=83"},"modified":"2018-03-11T11:39:15","modified_gmt":"2018-03-11T10:39:15","slug":"operazioni-straordinarie","status":"publish","type":"page","link":"https:\/\/www.studiozamboni.net\/index.php\/homepage\/servizi\/consulenza-strategica\/operazioni-straordinarie\/","title":{"rendered":"Operazioni straordinarie"},"content":{"rendered":"<p style=\"text-align: justify;\"><img loading=\"lazy\" decoding=\"async\" class=\"alignnone size-full wp-image-383\" src=\"http:\/\/www.studiozamboni.net\/wp-content\/uploads\/2017\/01\/OperazioniStraordinarie.jpeg\" alt=\"\" width=\"275\" height=\"183\" \/><\/p>\n<p style=\"text-align: justify;\">Le operazioni straordinarie rappresentano un momento di forte stress per la realt\u00e0 aziendale, sia dal punto di vista organizzativo che da quello operativo.<\/p>\n<p style=\"text-align: justify;\">Il rischio \u00e8 quello di sottrarre risorse e attenzione dalla gestione del Business compromettendo i risultati aziendali.<\/p>\n<p style=\"text-align: justify;\">L&#8217;esigenza di una operazione straordinaria pu\u00f2 essere generata da crisi aziendali oppure all&#8217;opposto da momenti di forte sviluppo. In entrambe i casi \u00e8 importante gestire l&#8217;operazione straordinaria nel modo pi\u00f9 efficiente cercando di minimizzare l&#8217;impatto sul Business.<\/p>\n<p style=\"text-align: justify;\">Il principio cardine \u00e8 quello del Business as usual, ovvero a prescindere dal momento straordinario che sta vivendo la societ\u00e0, il suo scopo principale, ovvero la conduzione del business, non deve essere alterato.<\/p>\n<p><strong>SERVIZI OFFERTI<\/strong><\/p>\n<ul>\n<li>Servizi di consulenza in operazioni di fusione e scissione<\/li>\n<li>Servizi di consulenza in passaggi generazionali<\/li>\n<li>Servizi di consulenza in fase di raccolta di capitale di debito<\/li>\n<li>Servizi di consulenza in fase di raccolta di capitale di rischio<\/li>\n<\/ul>\n","protected":false},"excerpt":{"rendered":"<p>Le operazioni straordinarie rappresentano un momento di forte stress per la realt\u00e0 aziendale, sia dal punto di vista organizzativo che da quello operativo. Il rischio \u00e8 quello di sottrarre risorse e attenzione dalla gestione del Business compromettendo i risultati aziendali. L&#8217;esigenza di una operazione straordinaria pu\u00f2 essere generata da crisi aziendali oppure all&#8217;opposto da momenti &hellip; <\/p>\n<p class=\"link-more\"><a href=\"https:\/\/www.studiozamboni.net\/index.php\/homepage\/servizi\/consulenza-strategica\/operazioni-straordinarie\/\" class=\"more-link\">Leggi tutto<span class=\"screen-reader-text\"> &#8220;Operazioni straordinarie&#8221;<\/span><\/a><\/p>\n","protected":false},"author":1,"featured_media":0,"parent":60,"menu_order":1,"comment_status":"closed","ping_status":"closed","template":"","meta":{"footnotes":""},"class_list":["post-83","page","type-page","status-publish","hentry"],"_links":{"self":[{"href":"https:\/\/www.studiozamboni.net\/index.php\/wp-json\/wp\/v2\/pages\/83","targetHints":{"allow":["GET"]}}],"collection":[{"href":"https:\/\/www.studiozamboni.net\/index.php\/wp-json\/wp\/v2\/pages"}],"about":[{"href":"https:\/\/www.studiozamboni.net\/index.php\/wp-json\/wp\/v2\/types\/page"}],"author":[{"embeddable":true,"href":"https:\/\/www.studiozamboni.net\/index.php\/wp-json\/wp\/v2\/users\/1"}],"replies":[{"embeddable":true,"href":"https:\/\/www.studiozamboni.net\/index.php\/wp-json\/wp\/v2\/comments?post=83"}],"version-history":[{"count":6,"href":"https:\/\/www.studiozamboni.net\/index.php\/wp-json\/wp\/v2\/pages\/83\/revisions"}],"predecessor-version":[{"id":394,"href":"https:\/\/www.studiozamboni.net\/index.php\/wp-json\/wp\/v2\/pages\/83\/revisions\/394"}],"up":[{"embeddable":true,"href":"https:\/\/www.studiozamboni.net\/index.php\/wp-json\/wp\/v2\/pages\/60"}],"wp:attachment":[{"href":"https:\/\/www.studiozamboni.net\/index.php\/wp-json\/wp\/v2\/media?parent=83"}],"curies":[{"name":"wp","href":"https:\/\/api.w.org\/{rel}","templated":true}]}}